9506?
False
Is 102 a factor of 69955272?
True
Is 189 a factor of 11043040?
False
Does 15 divide 201162005?
False
Is 110306094 a multiple of 21?
False
Does 707 divide 510052137?
False
Does 233 divide 4940975947?
False
Does 324 divide 38166228?
True
Is 70403049 a multiple of 14?
False
Does 2381 divide 1359689098?
True
Does 17 divide 874858021?
False
Is 2422106 a multiple of 83?
True
Is 181 a factor of 42227119?
True
Is 148 a factor of 231416672?
False
Is 1588030650 a multiple of 2010?
True
Is 229 a factor of 49457130?
True
Does 11 divide 10845582?
True
Is 43 a factor of 244103853?
False
Is 5178 a factor of 450183530?
False
Is 600 a factor of 596152800?
True
Is 26483203 a multiple of 184?
False
Does 21 divide 30524357?
False
Does 1030 divide 332188245?
False
Is 6425873 a multiple of 3?
False
Is 4 a factor of 9769696?
True
Is 10623736 a multiple of 37?
True
Does 96 divide 72233184?
True
Is 771 a factor of 2504835594?
True
Is 266704236 a multiple of 12?
True
Does 936 divide 73483488?
True
Is 603911636 a multiple of 3709?
False
Does 250 divide 231248863?
False
Does 35 divide 564949133?
False
Does 479 divide 502358435?
True
Does 64 divide 84121464?
False
Does 1643 divide 1777726?
True
Is 109777383 a multiple of 14?
False
Is 156 a factor of 4568460?
True
Does 1162 divide 2947036512?
True
Is 39 a factor of 956501?
False
Is 6009 a factor of 296111502?
True
Is 149 a factor of 3913634?
True
Is 56 a factor of 11113613?
False
Does 116 divide 636668763?
False
Does 74 divide 470502070?
False
Is 147 a factor of 13571481?
True
Is 3 a factor of 43036039?
False
Is 32 a factor of 496376544?
True
Does 298 divide 2526207686?
True
Does 111 divide 113082320?
False
Is 13725684 a multiple of 36?
True
Is 836876428 a multiple of 302?
True
Is 5 a factor of 3485423?
False
Does 15 divide 3457444915?
False
Is 38751099 a multiple of 22?
False
Does 59 divide 13359177?
False
Does 1367 divide 111994209?
True
Does 55 divide 1457006294?
False
Is 5202 a factor of 217187390?
False
Does 180 divide 42280380?
True
Is 978504301 a multiple of 12?
False
Is 20 a factor of 98456271?
False
Is 57 a factor of 1107231012?
False
Is 2136970 a multiple of 22?
True
Does 1961 divide 1464194377?
True
Does 28 divide 301656012?
True
Is 4 a factor of 4840721?
False
Does 24 divide 79336848?
True
Is 66204074 a multiple of 2047?
True
Does 665 divide 209768687?
False
Is 382420224 a multiple of 27?
True
Is 12 a factor of 227052444?
True
Is 561135882 a multiple of 7728?
False
Is 32654741 a multiple of 7?
True
Is 5328483496 a multiple of 3231?
False
Is 90595056 a multiple of 8?
True
Is 45 a factor of 92361881?
False
Is 56 a factor of 135455544?
True
Is 18 a factor of 287887?
False
Is 262 a factor of 2816853?
False
Does 340 divide 331468020?
False
Does 675 divide 789317972?
False
Is 440801483 a multiple of 1329?
False
Does 2221 divide 53081900?
True
Does 14 divide 6398056?
True
Does 16 divide 4907665?
False
Is 103 a factor of 463076773?
True
Is 18 a factor of 565970282?
False
Is 273 a factor of 488081581?
False
Is 657 a factor of 26073045?
True
Is 458909816 a multiple of 37?
True
Is 314442518 a multiple of 26?
True
Does 11 divide 43895104?
True
Is 218335362 a multiple of 1757?
True
Does 5 divide 6332628?
False
Is 1330 a factor of 396524870?
True
Is 37 a factor of 1579765759?
False
Does 8816 divide 1420381024?
True
Is 897697157 a multiple of 5821?
True
Is 7 a factor of 561897914?
False
Is 5 a factor of 8946600?
True
Does 2416 divide 1434984177?
False
Is 33364587 a multiple of 87?
True
Does 68 divide 2777845?
False
Is 801 a factor of 8682008?
False
Is 82972802 a multiple of 62?
True
Is 397 a factor of 8738692?
False
Is 309 a factor of 182184237?
True
Is 226 a factor of 21103491?
False
Does 92 divide 12825313?
False
Is 2395281900 a multiple of 132?
True
Does 890 divide 169981990?
True
Does 1216 divide 269425472?
True
Does 382 divide 12189397?
False
Is 48464152 a multiple of 15?
False
Is 1075 a factor of 9994993?
False
Is 2 a factor of 16072377?
False
Is 2984 a factor of 91131360?
True
Is 163674799 a multiple of 875?
False
Is 55070873 a multiple of 22?
False
Does 12 divide 19389979?
False
Is 535 a factor of 3034036464?
False
Does 89 divide 51475820?
True
Is 2195620 a multiple of 70?
True
Is 17 a factor of 47546552?
True
Does 11898 divide 4953470544?
True
Does 465 divide 568247171?
False
Is 1317434 a multiple of 43?
True
Is 355597622 a multiple of 613?
True
Is 18 a factor of 1788789247?
False
Is 511992086 a multiple of 86?
False
Is 3723240 a multiple of 1349?
True
Is 1150760583 a multiple of 153?
True
Does 293 divide 90067488?
False
Does 3833 divide 191761157?
True
Is 356298937 a multiple of 37?
True
Does 349 divide 144634784?
False
Is 579975911 a multiple of 9?
False
Is 553546083 a multiple of 26?
False
Is 38 a factor of 412161528?
True
Is 12042596 a multiple of 34?
True
Does 2120 divide 1100560559?
False
Does 437 divide 58645837?
True
Is 9318312 a multiple of 12?
True
Is 1959 a factor of 18229404?
False
Is 19 a factor of 574218502?
False
Is 1659 a factor of 5363119?
False
Does 1157 divide 7745261134?
True
Is 24 a factor of 83433096?
True
Does 6 divide 19257763?
False
Does 28 divide 4852260?
True
Is 63487862 a multiple of 666?
False
Does 14 divide 2875501188?
True
Is 99104988 a multiple of 19?
True
Is 34428043 a multiple of 1112?
False
Is 2839169141 a multiple of 127?
False
Does 675 divide 1641008700?
True
Is 819 a factor of 13049946?
True
Is 3 a factor of 27954883?
False
Does 35 divide 46460015?
True
Is 7269 a factor of 2152198251?
True
Does 146 divide 76882140?
True
Does 76 divide 51082016?
False
Does 177 divide 10931930?
False
Is 72 a factor of 82509820?
False
Is 59 a factor of 3039993762?
True
Does 5209 divide 351123063?
True
Does 57 divide 4398006?
True
Is 1988 a factor of 250460451?
False
Is 266528090 a multiple of 14?
False
Is 42011182 a multiple of 15?
False
Does 53 divide 26351263?
False
Is 5 a factor of 5765725?
True
Does 2188 divide 780572972?
False
Is 213 a factor of 194294052?
False
Does 143 divide 8118253?
True
Does 168 divide 272591928?
True
Is 29281733 a multiple of 5?
False
Does 508 divide 627083946?
False
Is 1146236796 a multiple of 18?
True
Is 43 a factor of 8574157?
True
Is 251029576 a multiple of 9?
False
Does 12 divide 48584100?
True
Is 98967070 a multiple of 10?
True
Is 90813360 a multiple of 880?
True
Is 1428 a factor of 1726112488?
False
Is 74 a factor of 247035300?
False
Is 196 a factor of 3085522552?
True
Does 56 divide 244012272?
True
Does 9 divide 808791075?
True
Does 644 divide 12168135?
False
Is 2087915486 a multiple of 1809?
False
Is 30464442 a multiple of 29?
True
Is 14 a factor of 514668812?
True
Is 429801273 a multiple of 3?
True
Is 25 a factor of 36734175?
True
Does 1749 divide 869307104?
False
Is 250888461 a multiple of 308?
False
Is 3713 a factor of 89186260?
True
Is 8 a factor of 268655784?
True
Is 955 a factor of 4345968047?
False
Is 1107 a factor of 115993165?
False
Is 1713359 a multiple of 37?
True
Is 170 a factor of 71098080?
True
Does 112 divide 354247366?
False
Is 646669296 a multiple of 3172?
True
Is 492328567 a multiple of 2024?
False
Is 1289765864 a multiple of 2503?
True
Is 78378527 a multiple of 10?
False
Does 23 divide 43200256?
True
Does 1646 divide 664811267?
False
Is 20 a factor of 1327449560?
True
Does 1107 divide 165094865?
False
Does 254 divide 131771390?
True
Is 31987726 a multiple of 159?
False
Does 56 divide 2290792?
True
Is 6905430 a multiple of 63?
True
Is 166 a factor of 2331330228?
True
Is 239349120 a multiple of 903?
False
Is 7 a factor of 807496606?
True
Is 282 a factor of 4010389?
False
Is 443 a factor of 628424074?
False
Does 1144 divide 129950392?
True
Is 65610332 a multiple of 54?
False
Is 1198 a factor of 306399282?
True
Is 15772781 a multiple of 18?
False
Does 27 divide 319793724?
True
Is 2347197825 a multiple of 175?
True
Does 4941 divide 1394987589?
True
Is 1004 a factor of 1263440522?
False
Does 25 divide 6337358136?
False
Does 42 divide 412362090?
True
Does 12 divide 58234240?
False
Is 804 a factor of 3230822?
False
Is 4 a factor of 13537308?
True
Is 5054 a factor of 215285238?
True
Does 8 divide 228064204?
False
Is 47 a factor of 5161469074?
False
Is 3404596712 a multiple of 184?
True
Is 23 a factor of 136308166?
True
Does 801 divide 7